Let w(u) = 69*u - 4. Suppose 102*r - 99*r = 6. Is w(r) a composite number?
True
Suppose -3*n = 5*h - 40, h = -h - 2*n + 20. Let q be (6 - h)/(2/28). Let u(t) = 22*t - 1. Is u(q) composite?
False
Let b(u) = 1082*u - 33. Let v be b(12). Suppose -18*d + v = -9*d. Is d composite?
False
Let m(h) = h**2 - 7*h - 2. Let o be m(7). Is (4/o)/((-4)/314) composite?
False
Let k be (0 - (-6)/1) + 3. Suppose -s - k = 15. Let z = 55 + s. Is z a composite number?
False
Let z(x) = 2*x - 18. Let h be z(11). Is -2*((-3262)/h + 0) a prime number?
False
Let y(f) = -3*f**2 - 2*f + 2. Let l be y(-2). Let h = l + 10. Is h - (-29 - (1 + 3)) a composite number?
False
Suppose 5*h + 2*u - u + 50 = 0, 3*h + 30 = 3*u. Let t = h + 13. Suppose -t*z + 616 + 269 = 0. Is z a composite number?
True
Let o = -12 - -15. Suppose 0 = 5*a + o - 13. Suppose -a*q = -107 + 13. Is q composite?
False
Let z(p) = -p - 4. Let h(k) = k**3 - 6*k**2 + 3*k + 1. Let x be h(5). Let i be z(x). Suppose i*a + 147 = 8*a. Is a prime?
False
Let w = -24 + -42. Let s = w + 555. Is s a composite number?
True
Let x = 1141 + 420. Is x composite?
True
Suppose 5*d = 20 - 5. Let n(q) = -262*q**3 + 2*q**2 + 3*q + 2. Let g be n(-1). Suppose -g = d*o - 1034. Is o a composite number?
False
Suppose 5*n + a + a = 20, 4*n + 17 = 5*a. Let o(k) = -k**3 + 7*k**2 + 10*k - 11. Let g be o(8). Suppose n*h - g*h = -2031. Is h composite?
False
Let q(i) = i**3 - 12*i**2 + 16*i - 1. Let y = 40 + -28. Is q(y) prime?
True
Suppose -4*n - 656 = 4*u, 3*n + 55 = 4*u - 451. Let x = 417 + n. Is x prime?
True
Let h = 114519 - 49988. Is h a composite number?
True
Suppose 0 = 3*l + 3*a - 10311, 5*a + 29 = 9. Suppose -l = -4*y + 475. Is y composite?
True
Let h = -11 - -19. Is 1/h + 158310/80 a prime number?
True
Let t = -4161 - -9022. Is t a composite number?
False
Let j(c) = c**2 + 4*c + 1. Let v be j(-4). Suppose 3*p = -7 + v. Let f(g) = 241*g**2 + 4*g + 3. Is f(p) prime?
False
Let f = -160 - -423. Is f composite?
False
Is ((-17943)/(-3 - -6))/(-1) composite?
False
Let l = -19 + 32. Let c = -11 + l. Suppose -4*n = x - 143, -4*n = c + 14. Is x a composite number?
True
Let h(q) = -433*q**2 - 3*q. Let p be h(3). Let w be 2/7 - p/49. Suppose -2*k = -z - 125, k + 3*z = -0*k + w. Is k a composite number?
True
Suppose 2*i - 5*i + 3 = -3*u, u - 5*i + 1 = 0. Let j(k) = -10578*k**3 - 3*k**2 + 2. Is j(u) prime?
False
Let j = 43 + 46. Suppose -f + 2*o + j = 0, 0 = 3*f - 4*o - 400 + 125. Is f prime?
True
Let j = 52283 - 31410. Is j prime?
True
Suppose 4*a - 2*a = -h - 535, -550 = 2*a + 4*h. Let m = 4 + -2. Is a/m*(-10)/5 a prime number?
False
Let k be ((-55)/(-22))/(2/4). Suppose -z = -206 + k. Is z prime?
False
Suppose 2*w - 2888 = 6278. Is w a prime number?
True
Let y = -45 + 49. Suppose -4*l = y*n - 2*n - 2620, -5*n = -4*l + 2620. Is l composite?
True
Let d = -12 - -20. Let a(i) = 17*i - 23. Is a(d) a prime number?
True
Suppose -2*y + 11757 = -5*d + 6*d, 0 = -d + 2*y + 11737. Is d composite?
True
Let a be 9240/9 + (-6)/(-18). Let h = -350 + a. Is h composite?
False
Let z be 0/((-4)/(-8)*4). Suppose z = c - 3*c. Suppose c*l + 4*r = 5*l - 141, 0 = -2*l - 3*r + 38. Is l composite?
True
Suppose 4*y - 574 - 20334 = 0. Is y a prime number?
True
Let g(u) = 239*u - 14. Let o = -87 + 98. Is g(o) a prime number?
False
Suppose 3*q - q - 5*i = 668, -4*q - 5*i + 1336 = 0. Is q a composite number?
True
Suppose 21*s - 26*s + 11605 = 0. Is s a prime number?
False
Let b(s) = -2*s**3 + 4*s**2 - 7*s - 6. Is b(-5) a composite number?
False
Let a = 8488 - -14911. Is a a prime number?
True
Let g(q) = 4192*q - 99. Is g(5) prime?
False
Is (27434 - 8) + (4 - 7) + 4 a composite number?
False
Let x(b) = 1607*b**2 + 31*b + 5. Is x(4) prime?
True
Suppose 18 = -8*j + 2. Is 0 + ((-523)/2)/(1/j) a prime number?
True
Suppose 0 = 2*z + 3*c - 11540, -z + 2*c = c - 5775. Is z composite?
True
Suppose 5 + 7 = 3*v. Suppose v*n - 59 = 129. Is n composite?
False
Let g be (-17)/(-2) + -4 + 27/6. Let z(s) = s**3 - 3*s**2 - 20*s - 3. Is z(g) a prime number?
False
Suppose -2*b - 4*b = 0. Suppose 0 = -2*w - 4*h, -2*h + b = -w + 4. Suppose 9*l = w*l + 553. Is l composite?
False
Suppose 0 = r + 5*q - 7, -2*q - 3 = -4*r + 3. Let w be r*(1 - (-441)/6). Let g = w + -10. Is g prime?
True
Let u be 143/22 + (-3)/2. Let d be -5 + u + (-8)/(-2). Suppose 0*k - d*k = -1708. Is k prime?
False
Let l be (3 + (-10)/4)/(6/60). Suppose l*z = -g + 43 + 10, 0 = 5*g + 3*z - 265. Is g prime?
True
Let a(t) = -3*t**3 + t**2. Let u be a(1). Let i be ((-1179)/(-18))/(1/u). Let d = 294 + i. Is d a composite number?
False
Let i(x) = 431*x**3 - x**2 + 2*x - 11. Is i(2) a composite number?
True
Suppose 0 = -3*g + l + 60230, -192*l = -194*l + 8. Is g composite?
True
Let j = 3209 + -1006. Let y = j + 446. Is y a composite number?
True
Suppose -5*i + 1 = -9. Suppose -i*d + 64 = -2. Is d a prime number?
False
Suppose -5*h + 4 = -y, 0*y - 5*h = 4*y + 41. Is (-6)/14 + ((-221112)/28)/y a prime number?
True
Let h = -62 - -86. Suppose 0 = -11*p + 1219 + h. Is p a prime number?
True
Let l(g) = -1412*g + 373. Is l(-8) a composite number?
True
Let i = -59 - -56. Is 2 - 4 - -445 - i prime?
False
Suppose b = -b - 42. Let p = 15 + b. Is ((-2)/(-3))/(p/(-1665)) a prime number?
False
Let d be (4 - -18)*1/(-2). Let s(b) = 18*b**2 - 4*b - 3. Is s(d) a composite number?
True
Let k(d) = 28*d**2 + 2*d - 3. Let z be k(1). Suppose z*w - 30*w = -207. Is w composite?
True
Suppose -3036 = -3*b + 2*f, -4*b + f + 1726 + 2322 = 0. Suppose 3*k = 5*y - b, 8*k - 3*k + 198 = y. Is y a composite number?
True
Suppose -p + 0*p + 3 = 0. Suppose 0 = -0*c - p*c + 15. Is (-9 - c)*(-106)/4 a composite number?
True
Let j(x) = 66*x**3 + 4*x**2 - 17*x + 36. Is j(7) a composite number?
False
Suppose -5*l + 2*l = -5*r - 1887, -5*r - 2*l - 1892 = 0. Let g = 695 + r. Is g composite?
False
Let l(o) = 64*o**2 - 3*o - 3. Suppose -2*h - 4 = -q, h - 9 = 4*h. Is l(q) composite?
True
Let t = 50931 - 35980. Is t prime?
True
Suppose 18*f - 4841 = 7237. Is f prime?
False
Suppose 5*l = -2*t - 18689 + 115737, 4*t - 194114 = -l. Is t a prime number?
False
Let d = -5456 - -10039. Is d a prime number?
True
Is 0*(-1)/2 + (0 - -6899) a prime number?
True
Let h(x) be the second derivative of -17*x**4/12 + 11*x**3/6 - 11*x**2/2 - 4*x. Let d(m) be the first derivative of h(m). Is d(-12) composite?
False
Suppose -114241 = 7*f - 400520. Is f prime?
True
Let p(h) = 40*h**2 + 19*h - 28. Is p(15) a composite number?
False
Suppose 4*l - 27 = -3*j, -j + 3*l - 4 = -0*l. Suppose 0*q - q = 5*p - 2428, -j*q = p - 500. Is p a composite number?
True
Suppose -1764 - 7120 = 4*y. Is y*((-2)/1)/2 composite?
False
Let l(b) = -587*b - 18. Let s be l(-13). Suppose -1315 - s = 3*n. Is (-1)/(-5) - n/20 prime?
True
Let l(k) = k**2 - 2*k. Let r be l(-3). Let s = -11 + r. Suppose -s*c + c + 421 = 4*f, -5*c - 2*f = -711. Is c prime?
False
Suppose -230 - 34 = -8*n. Suppose 151 = 5*l + 4*s, l - n = -s + 3*s. Is l a prime number?
True
Suppose 586 - 2314 = -3*p. Let b = p + -359. Is b a composite number?
True
Is ((-13198)/(-4))/(30/60) a composite number?
False
Let v(z) = -130*z - 319. Is v(-25) a composite number?
True
Suppose -g = 2*r - 565, 3*r + 2890 = 4*g + g. Let s = g + -318. Is s a composite number?
False
Let p(g) = -124*g**2 + 5*g - 20. Let i be p(8). Is (4/(-16))/(1/i) prime?
True
Suppose -2904 = -3*l + 852. Suppose 5*w + q = 6380, 2*w + 5*q - l = w. Is w composite?
False
Suppose -t + 4*i + 183 = 0, 34*t - 3*i = 30*t + 667. Is t a composite number?
False
Let b = -52019 + 83480. Is b a composite number?
True
Let k(n) = n**2 + 3 - n - n**2 + 190*n**3 - n**2 - 220*n**3. Is k(-3) a prime number?
False
Let s(q) be the second derivative of -2*q**3/3 + q**2 - 4*q. Let g be s(-11). Suppose -4*d + g = -166. Is d composite?
False
Suppose -20 = -4*r - 2*t + 12, 2*t = 0. Let l = r - 7. Suppose 2*z + 3*f = 9 + l, 75 = 5*z - 5*f. Is z prime?
True
Suppose -960 = -0*v + 5*v. Let t = -94 - v. Suppose -f + 3*f - t = 0. Is f prime?
False
Let a(y) = -2*y + 18. Let q be a(0). Suppose 91 = p - j + q, -4*p - 4*j = -276. Is p composite?
False
Suppose q - 16 = -q. Let b = q - 8. Suppose 2*o + n - 73 = b, 3*n + n = -o + 26. Is o composite?
True
Let v = 22 + -25. Let n(x) = -10*x + 4. Is n(v) a composite number?
True
Let u(m) be the 